220
Convert 55a0 (base 11) to base 2.
1110011001010
Convert -442 (base 8) to base 3.
-101202
What is 832b (base 13) in base 2?
100011011001000
-1021021012 (base 3) to base 4
-12012110
-1011100000 (base 2) to base 5
-10421
Convert 111000010 (base 2) to base 11.
37a
What is 40b (base 12) in base 6?
2415
-2211212201 (base 3) to base 4
-31223230
What is -1162 (base 7) in base 11?
-367
What is -311445 (base 7) in base 6?
-1051110
-2042 (base 10) to base 16
-7fa
What is 1c3a (base 14) in base 6?
35500
Convert -15065 (base 7) to base 4.
-1001003
1a05 (base 15) to base 5
140010
Convert 2469 (base 14) to base 9.
8652
What is 10000101010111 (base 2) in base 13?
3b67
What is -db4 (base 15) in base 10?
-3094
What is -378 (base 13) in base 7?
-1524
-32468 (base 11) to base 2
-1011100000100111
What is -1b86 (base 12) in base 5?
-102124
a3 (base 16) to base 6
431
What is 10110111011 (base 2) in base 3?
2000100
3458 (base 9) to base 11
1a21
What is 112330 (base 5) in base 8?
7772
Convert -20766 (base 9) to base 6.
-143353
Convert -2a9 (base 16) to base 4.
-22221
169b (base 12) to base 7
10622
-54418 (base 10) to base 2
-1101010010010010
Convert 1021100010 (base 3) to base 5.
1300112
What is 1261 (base 8) in base 4?
22301
What is -1321210 (base 4) in base 11?
-5933
What is 2d0 (base 15) in base 9?
786
Convert -1101000001 (base 2) to base 11.
-698
32a (base 12) to base 5
3331
Convert -10011111 (base 2) to base 8.
-237
Convert 8350 (base 10) to base 14.
3086
What is -30331210 (base 4) in base 10?
-53092
-2212111201 (base 3) to base 5
-3302003
What is -1c9 (base 13) in base 12?
-23a
120212 (base 3) to base 10
428
Convert 16 (base 14) to base 16.
14
What is -562 (base 7) in base 10?
-289
-2a65 (base 11) to base 4
-331213
What is 1103 (base 14) in base 5?
43233
Convert 21250 (base 6) to base 2.
101101011110
Convert -51444 (base 8) to base 5.
-1140114
-136 (base 7) to base 4
-1030
What is 140410 (base 5) in base 2?
1011001100010
What is -174f (base 16) in base 5?
-142332
What is 20022 (base 3) in base 13?
101
12101222 (base 3) to base 5
111231
What is 76 (base 8) in base 9?
68
What is -261 (base 11) in base 12?
-219
-335 (base 9) to base 3
-101012
What is -3054 (base 6) in base 15?
-307
1c6 (base 15) to base 3
120020
Convert 817 (base 13) to base 10.
1372
What is 101100000 (base 2) in base 11?
2a0
What is 4545 (base 6) in base 12?
755
Convert -12232 (base 5) to base 6.
-4210
What is -1181 (base 13) in base 10?
-2471
-30311 (base 4) to base 5
-11241
Convert 9bb0 (base 14) to base 5.
1331011
-48ad (base 16) to base 9
-27462
What is -6748 (base 10) in base 6?
-51124
51bb (base 12) to base 15
29a2
What is -1000 (base 2) in base 10?
-8
-1367 (base 11) to base 15
-7cc
Convert -3bad (base 15) to base 7.
-52132
5989 (base 11) to base 12
4655
What is -31077 (base 10) in base 14?
-b47b
-121001 (base 3) to base 7
-1156
-6c6a (base 15) to base 13
-a651
210053 (base 6) to base 9
25136
What is 4c (base 14) in base 5?
233
What is -1403 (base 8) in base 6?
-3323
Convert 1512 (base 7) to base 12.
419
Convert -c8dc (base 14) to base 16.
-8782
12113130 (base 4) to base 15
7ad6
Convert d4 (base 14) to base 9.
226
What is 111011 (base 3) in base 4?
11203
-282 (base 10) to base 2
-100011010
-2751 (base 14) to base 5
-210211
What is 79 (base 15) in base 6?
310
-1101010111 (base 2) to base 9
-1150
What is 27748 (base 10) in base 12?
14084
Convert -5009 (base 14) to base 8.
-32641
Convert -10000011010 (base 2) to base 16.
-41a
What is 439a (base 16) in base 13?
7b53
Convert 2340 (base 5) to base 15.
180
What is -2877 (base 10) in base 13?
-1404
Convert -61088 (base 10) to base 14.
-18396
Convert -15c6 (base 14) to base 5.
-111043
10e (base 15) to base 5
1424
Convert 11103 (base 6) to base 11.
1190
Convert -1664 (base 10) to base 8.
-3200
120100000 (base 3) to base 9
16300
Convert -12a51 (base 11) to base 5.
-1043234
What is ab95 (base 14) in base 4?
13100133
What is 152454 (base 7) in base 12?
15259
-432122 (base 6) to base 3
-1210122212
-10010110001001 (base 2) to base 9
-14156
-1011233 (base 4) to base 7
-16004
-101000 (base 3) to base 5
-2040
Convert 2216 (base 9) to base 12.
b43
Convert -6733 (base 11) to base 7.
-34600
Convert -6d2 (base 15) to base 13.
-920
-5775 (base 11) to base 16
-1da0
What is 45214 (base 8) in base 13?
88c0
What is 104213 (base 8) in base 7?
203624
What is 100010010001 (base 2) in base 7?
6252
What is 4252 (base 7) in base 16?
5e3
-12310 (base 5) to base 15
-43a
-694 (base 14) to base 13
-796
210210 (base 3) to base 9
723
-44c7 (base 14) to base 9
-17331
Convert 451 (base 12) to base 5.
10022
Convert 457 (base 9) to base 12.
274
What is 12211231 (base 4) in base 7?
141454
29f7 (base 16) to base 7
43215
What is -1b4d (base 16) in base 9?
-10525
What is 113212 (base 4) in base 10?
1510
Convert 174 (base 11) to base 10.
202
112 (base 10) to base 6
304
Convert -8809 (base 11) to base 10.
-11625
Convert 3233142 (base 5) to base 10.
55422
1653 (base 13) to base 14
12a3
-14a8 (base 11) to base 9
-2577
662 (base 15) to base 13
86c
What is 62460 (base 7) in base 2?
11101111100010
What is 51013 (base 8) in base 11?
14864
13983 (base 11) to base 2
100110101100110
-66211 (base 7) to base 5
-1012240
Convert 9a5 (base 11) to base 13.
718
Convert 6c6 (base 15) to base 11.
1177
Convert -2130 (base 7) to base 13.
-462
-1010011100 (base 2) to base 10
-668
2f6 (base 16) to base 13
464
What is 1230 (base 8) in base 12?
474
Convert -2223323 (base 4) to base 14.
-401d
112000210 (base 3) to base 16
27f3
What is 11cb (base 15) in base 3?
12012102
What is 1087 (base 9) in base 8?
1450
What is 582 (base 13) in base 6?
4223
1010110010110 (base 2) to base 14
202a
Convert 40015 (base 7) to base 15.
2cb1
What is -337 (base 10) in base 2?
-101010001
Convert 103 (base 15) to base 6.
1020
What is -28a4 (base 11) in base 3?
-12010200
What is 1d8 (base 15) in base 16?
1ac
-14010 (base 5) to base 8
-2152
Convert -34847 (base 11) to base 6.
-1024414
Convert 114234 (base 5) to base 8.
10337
-53616 (base 8) to base 13
-a282
Convert 88c (base 16) to base 14.
b24
What is -22010002 (base 3) in base 14?
-2227
What is -6c5 (base 13) in base 14?
-5dd
304020 (base 5) to base 11
7477
2023120 (base 4) to base 16
22d8
What is 35344 (base 7) in base 14?
345b
Convert 2546 (base 8) to base 6.
10222
What is -160 (base 9) in base 10?
-135
Convert -110e0 (base 15) to base 8.
-151702
What is 4312 (base 6) in base 3?
1100022
What is 9843 (base 14) in base 16?
66d3
4082 (base 14) to base 4
2231102
-30312010 (base 4) to base 9
-80147
What is -222112000 (base 3) in base 16?
-4b84
4717 (base 8) to base 6
15343
3351 (base 8) to base 10
1769
What is -3117 (base 13) in base 12?
-3b10
What is 7484 (base 14) in base 3?
1000120202
944 (base 15) to base 9
2771
What is -665 (base 7) in base 13?
-203
202302 (base 4) to base 3
10001110
5563 (base 10) to base 14
2055
What is -330550 (base 6) in base 11?
-19673
What is -1753 (base 8) in base 12?
-6b7
20120 (base 3) to base 9
216
What is -967 (base 15) in base 2?
-100001001010
What is -185 (base 14) in base 10?
-313
101100001110 (base 2) to base 7
11152
Convert -5dd (base 15) to base 10.
-1333
-109 (base 14) to base 2
-11001101
What is 32222 (base 4) in base 14?
4b0
What is -332 (base 8) in base 16?
-da
-42d (base 14) to base 8
-1471
Convert -3306 (base 16) to base 3.
-122220210
4611 (base 12) to base 14
2ba5
What is -14134 (base 6) in base 11?
-1737
What is -13024 (base 5) in base 11?
-842
-3967 (base 13) to base 11
-6182
1001100110001 (base 2) to base 6
34425
Convert 1451c (base 13) to base 16.
954b
-50315 (base 7) to base 10
-12164
What is 24a6 (base 14) in base 16?
1912
What is -82ec (base 15) in base 5?
-1341142
Convert -101100122 (base 3) to base 11.
-5744
3143 (base 5) to base 6
1543
f9 (base 16) to base 13
162
Convert 39a8 (base 11) to base 7.
21106
Convert -19c1 (base 14) to base 12.
-2859
Convert 221010102 (base 3) to base 16.
478d
What is 1436 (base 10) in base 13?
866
Convert 934 (base 10) to base 7.
2503
Convert -20133 (base 5) to base 11.
-a76
-11b3 (base 12) to base 15
-8dc
-540 (base 9) to base 16
-1b9
-200021 (base 4) to base 3
-2211012
What is -1174 (base 11) in base 10?
-1533
Convert -1348 (base 13) to base 16.
-acc
Convert -11232121 (base 4) to base 14.
-878d
W